 (1 - -2 - 7) + 2 - 2.
-4
What is 1 + 3 - (-8 + -13 + 20)?
5
What is the value of 7 + 3 + -1 + -5?
4
Calculate 0 + 0 + 2 - (3 + -2).
1
What is (6 - (13 - 6)) + -4 + 2?
-3
What is the value of -2 + (-5 - -3 - -5)?
1
1 + -10 + 8 + 1
0
What is the value of -1 + (4 - (-2 - -8))?
-3
Calculate (-40 - -38) + (2 - -2) + -1.
1
What is the value of -4 + (3 + (1 - 1) - 1)?
-2
What is 8 + -7 - (-2 + 7)?
-4
What is the value of 2 + (3 - 5) + -4 + 2?
-2
82 - 76 - ((-1 - 0) + 4)
3
What is -17 - (1 - (-2 + -1 - -12))?
-9
-518 - -510 - (-1 + 1 - 1)
-7
28 + -27 + (-1 - 1)
-1
What is the value of -1 + (3 - -1 - (12 - 14))?
5
What is the value of 6 + -2 + 4 + -3?
5
What is 5 - (0 + (3 - -1))?
1
What is -6 + 11 + -6 + 0?
-1
Evaluate -1 + -2 - -2 - 2 - -3.
0
Calculate 2 - (-3 + 0 + 5).
0
Calculate 3 + (-1 + -4 - -1).
-1
(3 - 10 - (-9 + 6)) + 4
0
What is the value of -2 + (-3 - (5 - 11))?
1
(1 - 6) + (0 - -10)
5
Calculate -10 + (3 - 0) + (-3 - -9).
-1
3 + (5 - (0 + 13)) - 0
-5
Calculate -8 + 7 + (4 - (1 - 4)).
6
Calculate -7 + -8 + 19 + -7.
-3
-2 + -4 - (-10 + -11 + 16)
-1
What is the value of -10 + 15 + -6 - (1 + 3)?
-5
What is the value of (1 - 0) + 39 + -31?
9
Calculate 7 + (8 + 0 - 24).
-9
What is (-1 - -2) + -44 + 33 - -4?
-6
What is (6 - 5) + 0 - -2?
3
Evaluate -6 + 2 + -5 + 7 - -2.
0
Calculate 6 - (25 - 17 - (1 + -5)).
-6
What is (0 - 8) + 10 + -1 + 0?
1
What is the value of -1 - (-4 + 0 + 2)?
1
Evaluate (1 - -1 - (7 - 8)) + -12.
-9
Evaluate 3 + -7 + (-4 - -6).
-2
Calculate (14 - 6 - 3) + -6.
-1
Evaluate 8 - ((7 - -5) + -7 + 0).
3
What is the value of -2 + -2 + -2 - 0?
-6
What is 7 - (-4 - (-3 + -3))?
5
What is the value of 4 + (6 - 9) - 0?
1
45 - 37 - (12 - -1)
-5
Evaluate 3 + (-3 - 2) + 0 + 1.
-1
Evaluate -3 + (-5 - (-5 + 0 + -3)).
0
What is (-1 - -5) + -39 + 30?
-5
Calculate -5 - (-2 + 4 + -6).
-1
Calculate (18 - 15) + -12 + 13.
4
What is the value of (1 - -1) + -2 + 2?
2
What is 6 + -1 + (72 - 81)?
-4
What is the value of 28 - 25 - (5 + -2 + -1)?
1
What is the value of 2 - (-7 + 9 - 10 - -2)?
8
Calculate -59 - -56 - (-7 - 0).
4
Calculate 2 - (15 - 15 - (-2 - -1)).
1
3 - 6 - (-10 - -6)
1
Calculate -4 + (-6 - -5) + 6 + -1.
0
What is -7 + 8 - (-3 + 4) - -3?
3
Calculate -2 + (-2 - -5) + -2 + -3.
-4
(2 - 2) + -3 + 0 + 5
2
What is 2 + 3 - (3 + (-6 - -5))?
3
What is -2 - -8 - (17 - 7)?
-4
What is -6 - 0 - (-1 - (3 - 1))?
-3
Evaluate (1 - 1) + (2 - -3 - 0).
5
Calculate 7 - (-2 + 4 + 2 + 0).
3
-7 + 1 - -22 - 7
9
What is the value of 2 - (7 - (0 - 2) - 2)?
-5
What is the value of 0 + (15 - 14) + (3 - 0)?
4
What is 3 + (-4 + 3 - -3) + -3?
2
What is 2 - ((10 - (-4 - -5)) + -5)?
-2
5 + (-16 - -10) + (4 - 3)
0
What is (9 - 4 - 1) + 5 + -7?
2
(-3 + 9 - 8) + 0 + 3
1
Evaluate 22 + -12 - (4 - (-2 + 1)).
5
-2 + 4 + -9 + 3
-4
What is (7 - (-5 - -4) - 10) + -3?
-5
What is the value of 5 + -3 - 0 - 9?
-7
26 + -22 + -4 + 1
1
0 + (-2 - 0) + (8 - 3)
3
What is 0 + 7 + (-4 + 2 - 5)?
0
What is the value of (5 - 10 - 3) + 2?
-6
What is the value of 1 - 4 - (-2 - (6 + 0))?
5
2 - (-2 + 4 + -5 + 6)
-1
What is 4 + (-2 + -1 - (-7 - -8))?
0
What is 5 + (-1 - 3) - 2?
-1
-4 + 1 - (-8 + 9)
-4
Calculate 8 + -3 - (7 + -8 - -2).
4
Calculate -1 - -2 - -4 - 6.
-1
Calculate (0 - (4 + -8)) + -3 + 9.
10
-11 + 8 + (0 + 2 - 6)
-7
What is 5 - (-6 + 1 + 2 - -3)?
5
What is 5 - 12 - (8 - 8)?
-7
5 + -2 - (53 + -43)
-7
Evaluate -6 + (-2 + (5 - 3) - -3).
-3
Calculate -2 - (5 + (4 - 10)).
-1
What is the value of -2 - (-5 + -5) - 4?
4
0 + 5 + (-4 - (-3 - -1))
3
Calculate -7 + -4 - ((0 - 1) + -3).
-7
Evaluate -4 + (-2 - -5) - -3.
2
Evaluate -1 + 12 + (-15 - -12).
8
Calculate -21 - (-6 - 11) - (3 - 1).
-6
What is the value of 3 + (1 - 0 - (-10 + 4))?
10
What is -17 - (8 - 18) - -8?
1
Calculate 1 - (1 - -7 - 8).
1
What is the value of 2 + 0 + -1 - (-5 + 6)?
0
What is 3 + (-1 - (-3 - -3)) + -5?
-3
(16 - (8 + 1)) + -15
-8
Calculate 1 - (5 - 0) - -2.
-2
-1 - (-4 - 0) - (3 + -6)
6
What is (1 - 3) + 4 + 2 + 1?
5
What is 2 - 1 - ((-1 - -2) + 2)?
-2
What is the value of 2 + (1 - 2) + 0?
1
What is the value of (-10 + 7 - -2) + 0 + -2?
-3
What is the value of 3 - (3 + -5 + -1 - -4)?
2
Evaluate 3 + (1 - 9 - -3).
-2
Calculate 6 + (-5 - -8) + -4.
5
What is the value of 9 + -13 + -2 + -2 - -5?
-3
What is the value of -4 + (-6 - (-13 - -1))?
2
Evaluate (0 - -3 - (5 + -2)) + 4.
4
3 - (-2 + 0 + 0) - 4
1
-4 + -1 + 2 - -6 - -2
5
3 - (2 + 0 + 0) - -2
3
Evaluate -15 + 29 - (18 + -7).
3
What is (3 - (0 + 2)) + -4?
-3
2 + (-6 - (-10 - -5))
1
Calculate -5 + 0 - (-8 - -5).
-2
Evaluate 2 + (5 - 6) - (5 + 3).
-7
What is the value of (11 + -7 - (1 - 0)) + -5?
-2
What is 8 + -10 + 17 + -19?
-4
1 - 1 - 2 - (-32 + 34)
-4
What is 5 + -4 + -6 + -4 + 2?
-7
What is -2 + -3 + 5 + -4 + 4?
0
What is -6 - -6 - ((3 - 4) + 3)?
-2
Evaluate (1 - ((0 - 0) + 2)) + 9.
8
Calculate (4 - -1) + -4 + 5 + -4.
2
What is the value of (0 - (0 + 6)) + -1?
-7
What is 7 - (-7 + 3 + 6)?
5
Calculate 3 + 1 + 2 + -5 + -6.
-5
Evaluate (5 - (8 - 4)) + -2.
-1
Evaluate 0 + (5 - 4 - -2).
3
What is (7 - (-3 + 6)) + 0?
4
What is 0 - 1 - (0 + -3 - -2)?
0
What is the value of (-21 - -8) + 8 - -2 - 1?
-4
Calculate (5 - -3) + 7 + -9 - 3.
3
Evaluate 0 - (6 - (9 - (3 + 3))).
-3
What is -6 + 3 + 4 + -7?
-6
Calculate (-7 + 15 - 8) + (0 - 6).
-6
What is 8 + (2 - 5) + -5?
0
Calculate -12 + 19 + (0 - 2).
5
8 + (-3 - -5) + -18
-8
-3 + (7 + 7 - 3) + -3
5
What is -27 - -23 - (-1 - 6)?
3
Calculate 5 + (1 - 2) + -4.
0
Calculate 0 + -8 + (4 - (-6 + 6)).
-4
Evaluate (-2 - (1 + -4)) + -4.
-3
What is 7 - (5 - (-5 - -6))?
3
Evaluate -13 + 1 - (-8 + -2).
-2
What is (0 - 0) + 4 + 1?
5
What is -4 + 8 + 4 + 1 + -3?
6
-2 - -2 - (27 - 31)
4
Evaluate -7 - (0 + 0 + -3).
-4
What is (-39 - -46) + (1 - 13)?
-5
1 + 4 + (-1 - 1)
3
Evaluate 12 + -1 - (-182 + 191).
2
What is the value of -11 + 7 + -4 - -11?
3
What is -4 + 13 + (-2 - 4) - -5?
8
What is the value of (18 - 7) + (15 - 25)?
1
8 - (18 - (3 - (1 + -4)))
-4
Calculate 3 - (1 + -6 - (-5 + -2)).
1
What is the value of 71 + -59 + (1 - 7)?
6
(3 - 2 - 4) + -1 + 9
5
Calculate (-3 - 1) + (-6 + 7 - -3).
0
Calculate -9 + 0 - (3 + 2 - 4).
-10
What is -12 + 25 + -15 - 8?
-10
Calculate (24 - 31) + (3 - 3) + -2.
-9
Evaluate 0 - (-5 + 3) - (0 - 1).
3
What is -2 + -1 - (-7 - (2 + 0))?
6
What is the value of (-2 - -5) + -9 - (-5 + -7)?
6
What is the value of 5 + -1 - (-7 - -16 - 5)?
0
What is (-6 - (1 + -1)) + 5?
-1
Calculate (-12 - -1) + (-38 - -45).
-4
(2 - 1) + -4 + 0
-3
What is the value of 0 - (-1 + (0 - 3)) - 2?
2
Evaluate -2 + 8 + (-3 - -4) + -3.
4
Calculate 8 - ((0 - 1) + (-38 - -43)).
4
Calculate (0 - -3 - 6 - -6) + -7.
-4
Calculate (-1 - (1 + -2)) + -23 + 21.
-2
Calculate 5 + (-3 - 6 - -4) - -5.
5
Calculate -7 - (5 - 4 - 3).
-5
What is 3 + -2 + 4 - (-1 + 9)?
-3
Calculate 2 - (-4 + 3 - -1).
2
Calculate (5 - 6 - -1) + -2.
-2
Evaluate -3 + 2 + -7 - (-42 + 36).
-2
What is the value of 44 + -39 - (7 + (-2 - -1))?
-1
What is 5 + -6 + -2 - -7?
4
42 + -39 - (8 - 1)
-4
What is 9 - 6 - (5 - 0)?
-2
What is the value of (80 - 73) + 2 + -1 + -5?
3
What is the value of 0 - 3 - (-4 - 0)?
1
What is -1 - (6 - 3) - (-5 - 0)?
1
What is 3 + ((-4 - -5) + 5 - 11)?
-2
Evaluate 3 + -7 + 4 + -5.
-5
Evaluate -6 - (0 - 0) - -4.
-2
What is -11 + 10 - (0 - (-2 + 1))?
-2
(-17 - -20) + (1 - 1) + -4
-1
Evaluate -1 + 0 - (-3 - 0).
2
What is 16 + -14 + (-9 - (-1 + -1))?
-5
Evaluate 0 - 0 - (5 + 0) - -1.
-4
What is 6 + -10 + 0 + 4?
0
Calculate 3 + -10 + 3 + -1.
-5
Evaluate -9 + -1 - (21 + -39).
8
Evaluate (-5 - 1) + 6 + -4 + 1.
-3
Calculate -1 - (4 + 3 + -11).
3
What is -1 + -8 + (4 - -4)?
-1
-2 - (-5 + 6 - -3)
-6
What is (3 - (5 + -4 + -3)) + -3?
2
Calculate 1 - (0 + -7 + -48 + 61).
-5
-6 + 11 + 5 - 19
-9
What is -1 + (5 - 1 - (-12 + 16))?
-1
What is the value of 9 + 4 + -2 + -6 - -4?
9
-8 + 6 + 0 - -2
0
4 + (11 + -5 - 20)
-10
Evaluate -8 - (-2 + 3 + (-5 - -1)).
-5
What is the value of -3 + -1 + 3 + -1 + -3?
-5
What is the value of -6 + (7 - (-1 - 0))?
2
Calculate (-6 + 5 - -4) + (1 - 1).
3
Evaluate -3 + 5 + -8 + 6.
0
Evaluate -10 - (-2 + -10 - -4).
-2
Evaluate -3 - (1 - (-5 + 4 - -3)).
-2
Calculate 3 + (10 + -12 - (3 + 1)).
-3
(5 - 3) + (1 - 1) + -1
1
Evaluate 3 - (5 - (8 - 5)).
1
11 + -8 - (1 + -1) - 2
1
What is the value of -6 - (-1 - (-4 + (5 - 2)))?
-6
What is 6 - 20 - (-4 + 3) - -4?
-9
